h = -5 + -1. Let d be 4/h*15/2. Let q be 23/d - 10/25. What is a(q)?
7
Let n(f) = -f**2 + 8*f - 1. Let m(q) = -2*q**2 + 17*q - 2. Let t(h) = 6*m(h) - 13*n(h). Suppose 5 = -0*o + 5*o. Determine t(o).
0
Let h be -3*(-6)/(-9) - -1. Let u(p) = 2*p - 6. Let n be u(4). Let r(q) = -2 + n - 5*q. Give r(h).
5
Let y = -5 - -8. Let v(q) = 5*q**2 - 2. Let d(u) = 14*u**2 - u - 5. Let h(k) = -3*d(k) + 8*v(k). Give h(y).
-10
Let f = 25 + -24. Let m(t) = 11*t**2 + 1. What is m(f)?
12
Let r = -14 + 6. Let v = -6 - r. Let c(q) = 2*q - 1 + 0*q - q. Give c(v).
1
Suppose 8*t - 4*t + 5*w = -21, -2*t + 7 = -w. Let h(p) = 2 + 4 - 5 - 3*p. Determine h(t).
-2
Let m(j) = -j**3 + 5*j**2 - 5. Suppose -26 - 4 = 3*v. Let r = v + 15. Calculate m(r).
-5
Let d(c) be the first derivative of c**4/4 + 2*c**3/3 - 5*c**2/2 - 4*c + 4. Determine d(-3).
2
Let z(w) = w**2 - 9*w + 7. Let t be (84/20 + -3)*(4 - -1). Calculate z(t).
-11
Let m = 50 - 44. Let w(p) = p + 7. What is w(m)?
13
Let h be 2/6 + 10/(-3). Let y(v) = -4*v**2 + v + 7. Let i(b) be the second derivative of b**4/4 - b**3/6 - 3*b**2 + b. Let q(n) = -5*i(n) - 4*y(n). Give q(h).
8
Let l(f) = -f**3 + 6*f**2 - 2*f - 4. Let r(i) = -2*i**3 - 4*i**2 + 4*i - 1. Let w be r(-3). Calculate l(w).
11
Let p(d) be the second derivative of -d**4/6 - d**3/2 + d. Let n(x) = x**2 + 9*x + 6. Suppose 4*z + 0*z + 32 = 0. Let f be n(z). Calculate p(f).
-2
Let n be (-21)/(-6)*2/1. Let w(r) = -n + 7 + r**3 - r. Calculate w(1).
0
Suppose 0 = c - 5. Let d be (4/(-5))/(1/c). Let x be 9/d + 5/20. Let u(h) = -2*h**3 - 4*h**2 - 2*h. Determine u(x).
4
Let t(r) = -4*r - 5. Let v(i) = -2*i - 6. Let d(a) = 4*a + 11. Let s(w) = 4*d(w) + 7*v(w). Let l(x) = 7*s(x) + 3*t(x). Let k = -1 - -2. What is l(k)?
1
Let i(r) = -r. Let o be i(-3). Let w(d) = 5*d**2 + 3*d**2 + 6*d - o*d**2 - 5*d. Calculate w(1).
6
Let m(z) be the second derivative of -11/2*z**2 - 1/12*z**4 + 0*z**3 - 3*z + 0 + 1/20*z**5. Calculate m(0).
-11
Let v(x) = x - 7. Let h be (1 + -2)*(3 - (-6)/(-2)). What is v(h)?
-7
Let t(l) = l - 4. Let j be (-48)/(-20) + (-2)/5. Suppose 0 = -j*q + 15 - 3. Determine t(q).
2
Let n(j) = 4*j + 1. Let y be n(1). Let v(w) = w**3 - 6*w**2 - y + 2 - 3 + 7*w + 3. Give v(5).
7
Let p(w) be the second derivative of w**3/6 + w**2/2 - 9*w. Determine p(-6).
-5
Let o(b) = 7*b**3 - 5*b**2. Let y(s) = -7*s**3 + 6*s**2. Let q be 210/(-49) - (-2)/7. Let z(p) = q*y(p) - 5*o(p). What is z(1)?
-6
Let q(m) be the third derivative of -m**6/60 - m**5/60 + m**4/24 - m**3/6 + m**2 - 5. Let n be (-20)/12 + 1/(-3). Determine q(n).
9
Let x(h) be the second derivative of 9*h + 1/3*h**3 + 0 + h**2. Let g be (12/8)/(6/8). Calculate x(g).
6
Let s(x) = -x**3 + 5*x**2 - 2*x + 4. Let g be s(5). Let p(q) = -2*q - 9. What is p(g)?
3
Let m(f) = 2*f + 15. Let r be m(-6). Let t(x) = x**2 - 3*x + 2. Give t(r).
2
Let m(z) = 5*z - 11*z + 5 + 2*z. What is m(4)?
-11
Suppose 22 = 3*w + 7. Let l(u) = 0*u**2 - 6*u + u**2 + 6*u + 6*u + w. Determine l(-4).
-3
Let g(c) = c**2 + 0*c + 5*c - 6*c. What is g(3)?
6
Let t = -48 - -68. Let m = t - 17. Let f(z) = -2*z - 3. Determine f(m).
-9
Let u(z) = -3*z - 20. Let y(c) = 5*c + 30. Let d(m) = -8*u(m) - 5*y(m). Determine d(10).
0
Let i(b) = 5*b**3 - 2*b**2 - b + 9. Let o(g) = 14*g**3 - 6*g**2 - 2*g + 26. Let w(p) = 17*i(p) - 6*o(p). Determine w(-4).
-15
Let k(f) be the second derivative of -1/12*f**4 + 0 - 2*f**2 + 3*f + 7/6*f**3. What is k(5)?
6
Let t(g) = -g**2 - 10*g + 2. Suppose 0*j + 4*d = -4*j - 44, -5*j - d - 51 = 0. Let i be t(j). Let v(w) = 4*w - 2. Calculate v(i).
6
Let g(l) = l**3 + 5*l**2 + 5*l + 5. Let i = -19 + 10. Let w be 6/i*30/(-4). Let c(d) = -d**3 + 6*d**2 - 5*d - 4. Let n be c(w). Determine g(n).
1
Let y(w) be the third derivative of w**4/24 + 5*w**3/6 - 8*w**2. Calculate y(7).
12
Let m(c) = 5*c**3 - 4*c**2 - c + 11. Let h(d) = -9*d**3 + 8*d**2 + d - 21. Let s(k) = 6*h(k) + 11*m(k). What is s(-5)?
-5
Let v(b) be the third derivative of -1/30*b**5 - 1/15*b**6 + 0 + 0*b - 1/24*b**4 + 2*b**2 + 0*b**3. What is v(-1)?
7
Let s(y) = 6 + 8 - 18 + 2*y. Suppose 4*g = 8 + 4. Give s(g).
2
Let r(n) be the third derivative of 0 - 4*n**2 + 1/24*n**4 - 7/6*n**3 + 0*n. Calculate r(5).
-2
Let i(p) be the third derivative of -p**5/120 - p**3/6 - 4*p**2. Let s(j) be the first derivative of i(j). Calculate s(3).
-3
Let c(b) = 3*b**3 + b**2 + 1. Let m(o) = o**2 - o - 2. Let p be m(0). Calculate c(p).
-19
Let z(s) = -s**3 - 3*s**2 - 8*s. Let w(g) = 3*g**3 + 10*g**2 + 24*g. Let q(l) = 4*w(l) + 11*z(l). What is q(-6)?
-12
Suppose -12 = -a - 3*a. Let t(k) = -4*k**2 - 7. Let h(j) = 3*j**2 - j + 6. Let x(n) = 3*h(n) + 2*t(n). Give x(a).
4
Let d(t) = t**3 + 12*t**2 + 10*t - 5. Let x be d(-11). Let f = 0 + -8. Let v = x + f. Let r(w) = w**2 - 2*w - 3. Calculate r(v).
5
Let f(o) = 4*o - 6. Let u(a) = a**2 + 3*a - 6. Let v be u(-5). Suppose -16 + 0 = -v*s. Determine f(s).
10
Let k(w) = -w**2 + 6*w + 1. Suppose 3*f - a - 14 = 2, 30 = 5*f - 5*a. Determine k(f).
6
Suppose -o = -3*o - 2. Let m(n) be the second derivative of -7*n**4/6 - n**3/6 - n**2/2 + 6*n. Determine m(o).
-14
Let y(o) = 0 + 2*o**2 + 3*o**2 - 7 - o**3. Determine y(5).
-7
Let r(y) = y**3 - 2*y**2 - 4*y + 3. Let o be r(3). Suppose o = -8*h + 7*h - 5. Let n(w) = -w**2 - 5*w - 4. Give n(h).
-4
Let t = -46 + 42. Let x(w) be the second derivative of -w**5/20 - 5*w**4/12 - w**3/2 - 2*w**2 - w. Give x(t).
-8
Suppose 0 = -2*b + 2, -5*y + 3*b = -7 - 10. Let o(k) = -k**2 + 4*k + 4. Give o(y).
4
Let g(l) = -l + 2. Let w be g(3). Let y(k) = 9*k. Determine y(w).
-9
Let g(o) = -15*o**2 + 9*o - 2. Let t(x) = 23*x**2 - 13*x + 3. Let z(a) = -7*g(a) - 5*t(a). Let l(i) = 6*i + 1. Let n be l(0). Give z(n).
-9
Let y(t) = -2*t + 4. Suppose 0 = 3*x - 80 + 8. Suppose -9 + x = 3*c. Give y(c).
-6
Let n(i) be the second derivative of i**6/720 + i**5/40 + i**4/6 + i. Let m(g) be the third derivative of n(g). Suppose j - 20 = 5*j. Give m(j).
-2
Let c = -113 + 115. Let v(f) = -2*f**3 + 3*f**2 - 2*f - 1. What is v(c)?
-9
Let s(c) = -c**3 - 3*c**2 + 7*c + 1. Suppose 0 = 7*z - 2*z + 25. Calculate s(z).
16
Let d(z) = -3 + z + 6 + 1. Suppose -4*w - w - 4*k = -3, -3*w + k - 5 = 0. Let o be (2 - (8 + w)) + 0. Determine d(o).
-1
Let t(p) be the first derivative of 2*p**3/3 + p**2 - 3*p + 2. Let g be ((-3)/2)/3*-8. Let f = -2 + g. Give t(f).
9
Let m(x) = 8 + x**2 + 1 + 9*x + 0*x**2 - x. Determine m(-6).
-3
Let d(y) = 3*y + 3. Let s(i) = -2*i - 3. Let c(p) = -3*d(p) - 4*s(p). Determine c(7).
-4
Let g = 8 + -5. Suppose -3*q = -d - 2, g*d - 22 = -2*q - 3*q. Let x(o) = -3 + 0*o**2 + 6*o - o + o**q. Give x(-5).
-3
Let l(d) = d**3 + 6*d**2 + 3*d - 4. Suppose -f - 4 = 9. Suppose 2*m + 20 = 5*m - 4*w, -2*m + 2*w = -14. Let a = m + f. Give l(a).
6
Let w(m) = 2*m**2 + m - 2. Let j be ((-2)/5)/(4/(-100)). Suppose -n = -2*n - 5*a - 22, 0 = 3*n + a + j. What is w(n)?
4
Suppose -3*m - 3 = -l, 16 = -3*l + m + 1. Let c(w) be the second derivative of -w**4/12 - w**3 + 2*w**2 + 2*w. Calculate c(l).
4
Let u(g) = -g**3 + 5*g**2 - 4*g. Let z(v) = v**3 + 6*v**2 - 8*v - 4. Let c be z(-7). Suppose 6 = -c*f + 3*j, -f + j = f - 1. Calculate u(f).
6
Let j(t) = t**3 - 3*t**2 - 2*t - 3. Let c(x) = -2*x + 5. Let d be c(5). Let w be (d - 1)*4/(-6). Give j(w).
5
Let h(t) = -t**2 + t. Let s(l) = -4*l**2 - 6*l - 2. Let k(j) = 3*h(j) - s(j). Determine k(-7).
-12
Let u(w) be the first derivative of -w**4/4 + 4*w**3/3 + w**2 + w - 12. Determine u(4).
9
Let f = 4 - -1. Suppose 6 = -4*p + 4*b + b, 5 = -f*p + 5*b. Let k(s) = -s**2 - s**2 + 4*s**2 - p - s**2. Give k(-1).
0
Let d(t) be the third derivative of -t**6/120 - t**5/30 - t**4/12 + 3*t**2. Give d(-2).
4
Let t(p) = p**3 + p**2. Let a(r) = -5*r**3 - 12*r**2 - 4*r - 10. Let n(c) = -a(c) - 4*t(c). Calculate n(-8).
-22
Let h(d) = d**2 + d. Let w(f) = -5*f**2 - f + 7. Let v(l) = 6*h(l) + w(l). Calculate v(-5).
7
Let n(l) be the first derivative of l**3/3 + l**2/2 + 2*l + 27. What is n(2)?
8
Let z(n) = n**2 + 4*n + 3. Suppose -k = -3 - 0. Suppose 3 + k = -3*a. Calculate z(a).
-1
Suppose -4*b - 18 = -b. Let h be (-6)/b + 0 + 1. Suppose 10 + h = -3*s. Let u(c) = -c**3 - 4*c**2 - 2*c - 2. What is u(s)?
6
Let v(o) = 4*o - 2. Let m(x) = -x. Let f(s) = -4*m(s) - 2*v(s). Give f(-5).
24
Let g = 1 + -2. Let w(j) = -14*j - 1. Let r(h) = h. Let d(b) 